441?
9
What is the greatest common divisor of 290 and 10?
10
What is the highest common divisor of 3408 and 639?
213
What is the highest common factor of 553 and 79?
79
What is the highest common factor of 68 and 697?
17
What is the highest common divisor of 168 and 896?
56
What is the greatest common divisor of 210 and 12?
6
Calculate the greatest common divisor of 4 and 167.
1
Calculate the highest common factor of 1179 and 18.
9
Calculate the highest common divisor of 54 and 30.
6
Calculate the highest common divisor of 12 and 246.
6
What is the highest common divisor of 75 and 315?
15
Calculate the greatest common factor of 119 and 51.
17
Calculate the greatest common factor of 364 and 377.
13
What is the highest common factor of 15 and 3035?
5
Calculate the highest common divisor of 4 and 106.
2
Calculate the greatest common divisor of 37235 and 11.
11
Calculate the highest common factor of 11 and 814.
11
Calculate the greatest common factor of 411 and 3.
3
What is the highest common divisor of 204 and 884?
68
Calculate the highest common divisor of 1488 and 432.
48
What is the greatest common factor of 2534 and 56?
14
Calculate the highest common divisor of 8 and 33.
1
What is the highest common factor of 108 and 48?
12
What is the highest common factor of 140 and 40?
20
Calculate the greatest common factor of 2500 and 2400.
100
What is the highest common factor of 5 and 141?
1
Calculate the greatest common divisor of 135 and 30.
15
What is the highest common divisor of 20 and 1220?
20
Calculate the greatest common divisor of 1066 and 82.
82
Calculate the highest common divisor of 27 and 630.
9
What is the greatest common factor of 154 and 66?
22
Calculate the greatest common factor of 107 and 11.
1
Calculate the greatest common divisor of 372 and 24.
12
Calculate the greatest common factor of 7 and 5327.
7
Calculate the greatest common divisor of 330 and 22660.
110
What is the greatest common divisor of 1236 and 36?
12
Calculate the highest common divisor of 169 and 507.
169
Calculate the greatest common divisor of 90 and 160.
10
Calculate the highest common factor of 83 and 3569.
83
What is the greatest common divisor of 39 and 3?
3
Calculate the greatest common factor of 26 and 741.
13
Calculate the highest common divisor of 25728 and 201.
201
What is the greatest common divisor of 56 and 49?
7
Calculate the greatest common factor of 25 and 800.
25
Calculate the highest common factor of 1320 and 90.
30
Calculate the highest common factor of 46 and 16606.
46
Calculate the greatest common divisor of 115 and 6095.
115
What is the greatest common factor of 9794 and 830?
166
Calculate the greatest common divisor of 336 and 483.
21
Calculate the greatest common divisor of 500 and 200.
100
What is the greatest common divisor of 3 and 633?
3
What is the greatest common divisor of 261 and 493?
29
What is the greatest common divisor of 13 and 479?
1
Calculate the greatest common divisor of 968 and 176.
88
What is the highest common divisor of 7932 and 156?
12
Calculate the greatest common factor of 33 and 3.
3
What is the highest common divisor of 54 and 2?
2
Calculate the greatest common factor of 351 and 156.
39
What is the greatest common factor of 82 and 123?
41
What is the greatest common divisor of 8 and 24?
8
Calculate the greatest common factor of 115 and 1840.
115
What is the highest common divisor of 2328 and 12?
12
What is the highest common divisor of 1 and 101?
1
What is the greatest common divisor of 205 and 41?
41
Calculate the greatest common factor of 198 and 44.
22
Calculate the highest common factor of 24 and 972.
12
What is the greatest common factor of 108 and 5292?
108
Calculate the highest common factor of 70 and 938.
14
Calculate the highest common factor of 304 and 38.
38
What is the greatest common factor of 2223 and 8037?
171
Calculate the highest common divisor of 270 and 54.
54
Calculate the greatest common factor of 99 and 36.
9
Calculate the greatest common divisor of 25412 and 4.
4
Calculate the greatest common divisor of 1140 and 38.
38
Calculate the highest common factor of 13 and 34229.
13
What is the greatest common divisor of 17 and 2329?
17
Calculate the greatest common factor of 2977 and 8015.
229
What is the greatest common divisor of 770 and 175?
35
What is the highest common factor of 33 and 1617?
33
What is the highest common factor of 207 and 9?
9
What is the greatest common factor of 873 and 27?
9
What is the greatest common divisor of 89 and 2225?
89
Calculate the greatest common divisor of 570 and 50.
10
Calculate the greatest common factor of 117 and 54.
9
Calculate the highest common factor of 199 and 3781.
199
What is the greatest common factor of 5 and 95?
5
What is the greatest common factor of 255 and 30?
15
Calculate the greatest common factor of 126 and 68166.
126
Calculate the greatest common factor of 4878 and 1897.
271
Calculate the highest common divisor of 59 and 9617.
59
What is the greatest common factor of 66 and 30?
6
Calculate the greatest common divisor of 34 and 35.
1
Calculate the highest common factor of 1036 and 28.
28
Calculate the greatest common factor of 8 and 68.
4
Calculate the greatest common factor of 16 and 124.
4
What is the greatest common factor of 253 and 55?
11
What is the greatest common divisor of 81 and 4167?
9
Calculate the highest common factor of 6584 and 8.
8
What is the greatest common divisor of 6732 and 153?
153
What is the highest common divisor of 6519 and 1749?
159
Calculate the highest common divisor of 42 and 154.
14
Calculate the highest common divisor of 11 and 748.
11
What is the greatest common factor of 96 and 12696?
24
What is the highest common divisor of 22 and 49258?
22
Calculate the greatest common divisor of 5705 and 35.
35
Calculate the highest common factor of 27564 and 24.
12
Calculate the highest common divisor of 30 and 24.
6
Calculate the greatest common factor of 68 and 493.
17
What is the highest common divisor of 294 and 126?
42
Calculate the greatest common divisor of 830 and 10.
10
What is the highest common factor of 24 and 736?
8
What is the greatest common factor of 188 and 14?
2
Calculate the highest common divisor of 488 and 610.
122
Calculate the greatest common factor of 87 and 2784.
87
What is the highest common divisor of 17908 and 110?
22
Calculate the greatest common factor of 21 and 616.
7
Calculate the greatest common factor of 11466 and 27.
9
Calculate the highest common factor of 288 and 720.
144
Calculate the highest common divisor of 136 and 17.
17
What is the highest common divisor of 100 and 111500?
100
What is the highest common divisor of 12 and 552?
12
What is the highest common divisor of 24 and 66?
6
Calculate the highest common divisor of 20 and 1285.
5
Calculate the highest common factor of 36 and 24.
12
What is the greatest common factor of 8 and 328?
8
Calculate the greatest common factor of 590 and 236.
118
What is the highest common divisor of 1275 and 17?
17
Calculate the greatest common divisor of 49 and 147.
49
Calculate the greatest common factor of 550 and 150.
50
Calculate the highest common divisor of 384 and 48.
48
What is the highest common divisor of 32 and 14816?
32
Calculate the greatest common divisor of 256 and 32.
32
What is the highest common factor of 5 and 515?
5
Calculate the highest common divisor of 5249 and 232.
29
Calculate the greatest common divisor of 29868 and 684.
228
Calculate the highest common factor of 6 and 66.
6
What is the greatest common factor of 102 and 2193?
51
Calculate the greatest common divisor of 138 and 46.
46
What is the highest common factor of 14686 and 14?
14
Calculate the highest common factor of 133 and 95.
19
Calculate the greatest common divisor of 6739 and 46.
23
What is the highest common divisor of 1209 and 273?
39
Calculate the greatest common factor of 3 and 471.
3
Calculate the greatest common divisor of 13 and 7397.
13
Calculate the highest common factor of 77 and 638.
11
Calculate the greatest common divisor of 54 and 81.
27
What is the greatest common factor of 49 and 77?
7
Calculate the highest common factor of 341 and 310.
31
Calculate the greatest common divisor of 9 and 369.
9
What is the greatest common factor of 10 and 90?
1